(x) = x**3 - x**2 + x + 66. What is the remainder when u(0) is divided by v?
15
Let x(n) = n**2 - 8*n + 2. Let k be x(8). Suppose -9*f - k = -10*f. What is the remainder when 3 is divided by f?
1
Let w(x) = -x**2 + 5*x - 3. What is the remainder when 2*3/(-12)*-22 is divided by w(2)?
2
Let y(d) = -2*d + 3. Let r be y(8). Let a = 31 - r. Calculate the remainder when a is divided by 15.
14
Let q(l) be the first derivative of 5*l**3/6 + l**2/2 + 3*l - 1. Let p(y) be the first derivative of q(y). Calculate the remainder when 17 is divided by p(1).
5
Let t = -76 - -110. Calculate the remainder when 97 is divided by t.
29
Suppose 13 = i - 33. Suppose -4*q = -3*m - 111, -2*q + 90 = -3*m + 27. Calculate the remainder when i is divided by q.
22
Suppose -5*h + 52 = -3. Suppose -4*c - 76 = -8*c. What is the remainder when c is divided by h?
8
Suppose 4*u - 8*q + 6*q = 62, -4*q = -5*u + 85. Calculate the remainder when u is divided by 8.
5
Let t = -9 + 11. Suppose 5*w - t*w = 12. Calculate the remainder when 10 is divided by w.
2
Suppose 4*r + 22 = 4*w + 2, 3*w = 2*r + 14. Calculate the remainder when ((-21)/2)/((-2)/w) is divided by 8.
5
Let q = -10 - -31. What is the remainder when 104 is divided by q?
20
Suppose 2 = 4*h - 14, -30 = -o - 5*h. Calculate the remainder when 6 is divided by (-10)/(-4)*16/o.
2
Let h(r) = -r**3 - 13*r**2 - 3*r - 3. What is the remainder when h(-13) is divided by 2/(-6) - (-80)/6?
10
Suppose 2*r = r + 25. Suppose 2*b - 42 = -10. Let j = b - 7. Calculate the remainder when r is divided by j.
7
Let s(m) = m - 7. Let o be s(5). What is the remainder when 18 is divided by o/(-3) + (-28)/(-3)?
8
Let b = 6 - 1. Suppose 3*y - 133 = -5*l, -b*l + y + 157 = -2*y. What is the remainder when l is divided by 10?
9
Let o(x) = -x**3 - 8*x**2 - 6*x + 7. Let u be o(-7). Suppose u*w = 4*w - 32. Calculate the remainder when 14 is divided by w.
6
Calculate the remainder when 24 is divided by (-268)/(-20) + 9/15.
10
Suppose 3*w - 67 = -y - 3*y, 2*y - 51 = -5*w. What is the remainder when y is divided by 4?
1
Let h = 6 - 3. Suppose 7*m + 5*w - 8 = h*m, 2*m + 5*w = 4. Let f(l) = 7*l**2 + 1. What is the remainder when f(m) is divided by 15?
14
Let h(j) = -3*j**3 - 4*j**2 - 4*j - 2. Suppose 2*d - 2*g + 24 = 3*g, 3*g - 12 = 0. Calculate the remainder when h(d) is divided by 8.
6
Let r(f) = -5*f**2 + 2*f + 4. Let p be r(4). Let k = p + 44. Calculate the remainder when 47 is divided by k/(2 - (-14)/(-4)).
15
Calculate the remainder when 572/18 - 4*2/(-36) is divided by 17.
15
Let s(y) = 20*y**2 + 5*y + 4. What is the remainder when 71 is divided by s(-1)?
14
Suppose -4*o = -b - 108, -4*b + 0*o = -5*o + 388. Let t = -36 - b. What is the remainder when t is divided by 19?
18
Let l be -6*1 - (6 - 7). Calculate the remainder when l/(21/12 + -2) is divided by 11.
9
Calculate the remainder when 49 is divided by (-104)/(-10) + -1*(-6)/(-15).
9
Suppose -2*c - 3*c + 30 = 0. What is the remainder when 11 is divided by c?
5
Suppose 4*x - 3 - 39 = -p, -3*x + 171 = 3*p. Suppose -2*o - 81 = -6*o - 5*w, -4*w + p = 3*o. Calculate the remainder when o is divided by 4.
2
Let u(h) = -6*h - 40. Calculate the remainder when u(-13) is divided by 16.
6
Let p(b) = -9*b + 9*b + 8*b**2 - 1. Let k = 5 + 7. What is the remainder when k is divided by p(1)?
5
What is the remainder when 86/(-8)*-4 + 5 is divided by 14?
6
Let g = -13 + 18. Suppose -90 = -g*t - 0*t. What is the remainder when t is divided by 5?
3
Let s(h) = -h**2 - 5*h + 7. Calculate the remainder when 32 is divided by s(-5).
4
Suppose -o = 6 + 3. Let p(a) = -a**2 - 6*a - 4. Let j be p(-6). Calculate the remainder when j/18 - 65/o is divided by 4.
3
Let o = -32 + 47. Let r = 138 - 95. What is the remainder when r is divided by o?
13
Let p(q) = q**2 - q. Let k be p(3). Let n = 54 + -30. What is the remainder when n is divided by -3 + (-16)/k*-6?
11
Let y = -93 - -139. Suppose h - 16 = -3*i + 10, -5*h + y = 3*i. Suppose -5*x + 0 + 56 = 4*f, -19 = -2*x - 5*f. Calculate the remainder when x is divided by i.
5
Let b = -9 - -10. Suppose b + 0 = -2*f - 5*a, 3*a + 15 = 0. Calculate the remainder when 21 is divided by f.
9
Let w(v) = v - 4. Let t be w(5). Let y be (t + 2 - -11) + 0. Suppose 0 = 4*j + 2 - y. Calculate the remainder when 3 is divided by j.
0
Let r = -519 - 511. What is the remainder when 10/60 + r/(-12) is divided by 29?
28
Suppose -295 = -4*f - f. What is the remainder when f is divided by 20?
19
Let p(w) be the first derivative of 1/4*w**4 + 25*w - 4 + 1/3*w**3 + 0*w**2. Calculate the remainder when p(0) is divided by 9.
7
Suppose -5*r - 80 = -3*r. Let q(l) = -3*l + 1. Let x be q(-3). What is the remainder when (-15)/x*r/3 is divided by 11?
9
Let m(x) = -x**3 - 10*x**2 - 9*x - 8. Let r be m(-6). Let i be (r/6)/(-1)*-3. Let z = i - -90. Calculate the remainder when z is divided by 11.
8
Let c(y) = y**2 + 5*y + 10. What is the remainder when 66 is divided by c(-8)?
32
Let l(a) = -a**2 - 6*a - 6. Let x be l(-4). Let h be (6 + x)/(1/5). Suppose -5*m - 38 = -w, 2*m - m + h = 2*w. What is the remainder when w is divided by 7?
4
Suppose 3*b - q = -0*b - 5, -5*b + 5*q - 15 = 0. Suppose 5*z = -4*g - 15, -12 = -2*g - 2*g + 4*z. Calculate the remainder when 2 is divided by b + 0 + 2 - g.
0
Let i = -18 - -34. What is the remainder when 63 is divided by i?
15
Let g = 61 + -29. Calculate the remainder when (-21)/28 + 383/4 is divided by g.
31
Suppose -13 = -3*d + 5*z + 72, -2*d + 35 = z. What is the remainder when 75 is divided by d?
15
Suppose -3*h + v = -6, -4*h + 0*v - v + 15 = 0. Suppose 6*t - h*t + 12 = 0. Let k = t - -9. What is the remainder when 14 is divided by k?
4
Let t(o) = -1 - 2*o + 0*o + 5*o. Let p be t(1). Suppose p*m - 15 = -3. Calculate the remainder when m is divided by 4.
2
Suppose 4*n + c - 13 = 8, 0 = n - c - 4. Suppose h + 36 = n*h. Calculate the remainder when h is divided by (1 - 5)*(-10)/8.
4
Suppose 0 = -5*l + 124 - 9. Calculate the remainder when l is divided by 9.
5
Let d(a) = a + 5. Let j(i) = -i**2 + 2*i + 15. Let z(s) = 11*d(s) - 4*j(s). What is the remainder when z(4) is divided by 24?
23
Let l = 45 - 28. Calculate the remainder when 50 is divided by l.
16
Suppose 2*w - 2*k - k - 118 = 0, 4*w + 4*k - 256 = 0. Calculate the remainder when w is divided by 16.
14
Suppose 0 = -3*w, -a + 0*w = -w - 3. Suppose -2*p + 14 = a*l, 4*l + 0*l - 7 = -p. Calculate the remainder when 13 is divided by p.
6
Let r(p) = -p**3 - 14*p**2 - 14*p - 9. Calculate the remainder when (5/3)/((-2)/(-18)) is divided by r(-13).
3
Let n be 4*2/(-4)*-1. What is the remainder when 36 is divided by (26/3)/(n/3)?
10
Suppose 5*t + 10 - 25 = 0. Suppose -32 = 5*q + t*c - 129, 4*q = c + 64. Calculate the remainder when q is divided by 9.
8
Let v(s) = -s. Suppose 0 = g + 1 + 5. What is the remainder when 11 is divided by v(g)?
5
Let j(v) = v**3 + 9*v**2 - 3*v - 4. Calculate the remainder when j(-9) is divided by 13.
10
Let a(b) = -b**3 + 26*b**2 - b + 50. What is the remainder when a(26) is divided by 4?
0
Suppose -g + 5*o - 80 = -6*g, 2*o - 14 = -g. Suppose k - 4*u = -81 - 43, 3*u + 9 = 0. Calculate the remainder when (4/8)/((-2)/k) is divided by g.
16
What is the remainder when 7 is divided by (-4)/((-7)/((-84)/(-16)))?
1
Let d = 5 - 3. Let t = 11 + d. What is the remainder when 1 + -2 - (1 + -27) is divided by t?
12
Let f = 22 + -10. What is the remainder when 23 is divided by f?
11
Let a be (6/(-4))/(3/(-8)). Suppose -a*p + 21 = -7. Calculate the remainder when 11 is divided by p.
4
Let j = -59 + 106. Calculate the remainder when 185 is divided by j.
44
Suppose 0 = 3*b - 6 - 3, 5*b - 19 = -2*a. Calculate the remainder when 3 is divided by a.
1
Suppose 3*z - 3*o = 18, 0*o - 2*o = 2*z + 4. Let w be 2 + (65 - -1*z). Let v = w + -31. What is the remainder when v is divided by 13?
12
Let t(m) = m**3 - 4*m**2 + 3. Let s = 11 - 7. Let o be t(s). Suppose -o*y - 36 = -5*y. Calculate the remainder when 53 is divided by y.
17
Let c be -20*-2*(0 + 2). Suppose -q - 4*r + c = 3*q, -4*q + 84 = 5*r. Let h = q - 5. Calculate the remainder when 20 is divided by h.
9
Suppose 2*p + p + 5*o - 221 = 0, -2*o = 10. Let s = p - 59. What is the remainder when s is divided by 5?
3
Let s(k) = -2*k - 4. Let b be s(-4). Suppose -2*d = -b*d + 26. Let j = 